 10 + (-27 + 5 + 14 - -4) - 93.
-87
What is the value of -42 + (5 + 19 - 27) - (23 + 0)?
-68
What is -11131 + 11167 - (-71 + (4 - 2))?
105
What is (72 - 38) + -32 - 38 - -20?
-16
What is (5 - 2) + (-56 - -70) + (8 - (-6 - -130))?
-99
Calculate 118 - ((-10 + -47 - -48) + (18 - 3)).
112
What is the value of -68 + (-50 - 38) + 130?
-26
What is -90 + -1 - (-1 + (32 + -13 + -44 - -11))?
-76
Calculate 25 + (-16 - -7) + -2 + 5.
19
What is the value of 1 + (2 - 1) + -8 - (-200 + (206 - 31))?
19
(17 - 86) + (0 - -1) + (-52 - -57)
-63
What is the value of -63 + (78 - 121) + 163?
57
121 + -296 + -24 + 115
-84
What is the value of (-5 - (-4 + 0)) + (-12 + -16 - -2)?
-27
What is -4 + 2 + (-6 - (-21 - -29 - 86))?
70
What is (-56 - (17 - 36)) + (-4 - (2 - -6))?
-49
Evaluate (38 - 82) + (3 + -2 - 15).
-58
Evaluate 12 - ((-5 - -9) + (10 - 22) + -54).
74
What is (-95 + 15 - -129) + 42?
91
Calculate (14 - 0 - 2) + -2 + -54 + 77 + -40.
-7
Calculate -74 + (5 - (313 - 292 - (2 + 30))).
-58
What is -86 - (-38 + 25) - -58?
-15
Evaluate -22 - (-27 + (3 - (7 + -15 - 4))).
-10
Evaluate -1 + 1 - (-35 + 34) - 0 - 5 - 72.
-76
Evaluate -24 - (3 - 2) - -40 - 63 - (1 + -12).
-37
Evaluate (-1555 - -1612 - (-1 - 16)) + (-13 - (0 - 1)).
62
20 + (-52 - -51) + 57
76
Evaluate -40 - (-14 - ((9 - 1) + -5 - 9)).
-32
What is the value of (66 - 161) + 97 - (0 - -1)?
1
Evaluate 12 + (0 + 2 - -8 - (101 + -96)) - -7.
24
(10 - (2 + 4)) + (-32 + 48 - -14)
34
What is (8 - -12) + -22 - (11 + -24) - (1 - 0)?
10
-4 + -32 + (-2 - (5 + -22)) + -38
-59
What is (64 - 468) + 252 - (0 + -32)?
-120
Calculate (38 - 26) + (-66 - -47) + (38 - (1 + -3)).
33
Calculate (8 + -14 - 0) + 30 - (828 + -915).
111
What is 14 + (19 - -29 - 58)?
4
Evaluate 66 + -59 + -20 + 2 - -14.
3
Calculate (49 - (-20 + 45)) + -53.
-29
What is 27 + -13 - (29 + -4) - -88?
77
Calculate 37 + 2 + 3 + (-9 - 0).
33
-74 + -1 + (3 - 9) + 1085 + -1076
-72
104 + (108 - 101) + (-2 - 19)
90
What is 0 + -34 + 290 + -266 + 127?
117
What is the value of -47 + 22 + 16 + (-12 - -2)?
-19
Evaluate -4 - (-3 + -2 + (-3 - (3 - 3))) - -57.
61
-39 - (13 - 21) - (-30 + 27)
-28
Evaluate -66 + 42 + 61 + -76.
-39
What is 27 - (-107 - -53 - -84)?
-3
Evaluate -12 - (51 - (50 + -11)).
-24
What is the value of 96 + 6 + (-5 - (-11 + 23)) + (-1 - -21)?
105
What is the value of 70 + -60 + -77 - -53?
-14
Calculate 101 + 1 + -4 + (-9 - (43 + -24 - 25)).
95
What is (-6 - (-154 - -69)) + -46?
33
Evaluate (0 - -2) + 9 + -24.
-13
What is 2009 + -1963 + 0 + (3 - 6) + 1?
44
Calculate 204 + -221 + 1 + -10.
-26
What is the value of 76 + -55 + -11 + -57?
-47
What is 28 - (29 + -16) - (-9 - -17) - -80 - 14?
73
(-1 - -38) + (-4176 - -4155)
16
What is 0 - ((26 - 24 - (-1 + -2)) + -6) - 19?
-18
Evaluate 25 - (-8 + (23 - 16) + -25).
51
What is the value of (-4 - -3) + 38 + 14?
51
Calculate -14 - (-8 - 43 - (-2 + -2)).
33
(2 - (7 + 12 + -11) - 4) + -4
-14
What is the value of -19 + (-3 - 3 - (3 + -20)) + -15 + 9?
-14
-84 + -23 - (-90 + 1)
-18
Calculate (18 - (-257 - -117)) + -90.
68
What is the value of 11 + 36 + -24 - 18 - ((-1 - -3) + 14)?
-11
Calculate 7 + -3 + 5 + 7 + -12 + (14 - 19).
-1
What is -18 + (-27 - (8 - -29)) + 0?
-82
Calculate 50 + 1 + (9 - (-5 + 7) - 6) + -7.
45
63 - (562 - 555 - (0 + (-1 - 1))) - -7
61
Calculate -51 + -111 + 29 - (-6 + 10 - 5).
-132
Calculate (81 - 4) + (-296 - -231).
12
What is the value of -3 + 4 + 17 + -852 + 826?
-8
Calculate (-7 + -4 - ((9 - 6) + 4)) + 14.
-4
15 + (2 - 9) + -5 + -7 + -31
-35
What is the value of (-53 - -24 - -30) + (-1 + 11 - 4)?
7
What is (822 - 864) + (18 + -2 - 4)?
-30
Calculate -46 - (-107 + 123 + (-9 - 1)).
-52
What is 2 + (-3 - 2) - (40 - 30 - 2) - -86?
75
Calculate 59 + -78 + (7 - 6) + 26.
8
Evaluate -26 - (138 + -253 + 131).
-42
What is the value of -4 - (-7 + 3 + 5) - (-3 - (17 + -31))?
-16
Evaluate (11 - (2 + 2)) + -16 + 3 - (-11 - 36).
41
What is the value of -38 - (-7 - ((-5 - 1 - -3 - 2) + 3))?
-33
Evaluate 60 - (78 - (39 + -1)).
20
Calculate (83 - 15 - 28) + (-1 - 5) - 2.
32
Evaluate -10 + 14 + -45 + 58 + 1 + -17.
1
What is the value of 78 - (-18 - -19 - (-80 - -123))?
120
Evaluate (55 - 137) + 40 + (8 - 86).
-120
5 + -48 - -6 - (37 + -31 + -10)
-33
What is -6 + (0 - -1) + (165 - (-66 + 186))?
40
What is the value of -46 - ((-16 - (-9 - 19)) + -32)?
-26
Calculate (19 - -55 - -2 - 12) + 0 + (0 - 9).
55
What is (-6 - 0) + 17 + (6 - 28) - (-46 - -4)?
31
What is (15 + -2 - 6 - 28) + -4 + (1 - -6)?
-18
What is the value of (-3 - -1) + 1206 + -1203 - -11?
12
Evaluate 638 + -559 + (16 + -5 - 36).
54
What is 197 - 255 - (18 + -34)?
-42
Calculate -8 - ((-86 - -163) + -48).
-37
Calculate 48 + (52 - 51) + -71.
-22
-87 - (-3 + (19 - -23) + -8)
-118
(44 + -29 - -5 - 33) + -15
-28
What is -86 + 0 + -16 + (-44 - -87)?
-59
What is the value of -2 + (2 - 10) - (128 - (11 + 102))?
-25
Calculate -15 + (-13 - (-10 - (8 - 15))) + 23 - -22.
20
Evaluate -32 - (-4 - (5 - (19 - 28))).
-14
What is the value of 38 - (-17 + (-15 - (10 - 47)))?
33
128 + -7 + (144 - 193)
72
38 + -34 + -139 - (31 - 63)
-103
122 + -117 + 93 + -12
86
What is (-7 - 51 - -119) + -50?
11
What is -4 + (4 - -71) + 65 + -77?
59
Calculate (25 - ((20 - 0) + 16)) + 27.
16
Calculate (180 - 133 - -56) + -137.
-34
Calculate -7 - (13 + -24) - (2 + 7 - 4 - -81).
-82
Calculate 15 + -16 + -14 - (-6 - -24).
-33
Evaluate 44 - 93 - (-56 + -55).
62
Calculate 226 + -35 + -70 - 120.
1
What is the value of 54 + -69 - -69 - 14?
40
Evaluate (-34 - 43) + 0 - -39.
-38
13 - (185 + -79 + -53)
-40
-1171 + 1081 - (0 - 4 - (-18 - -21))
-83
Evaluate 7 - (16 - (-11 + (-6 - -17))).
-9
(6 - -60) + -10 + 18 + -10 + -9
55
-2 + -11 + 53 - (12 + -6)
34
Evaluate (-80 - (82 + -86)) + -8.
-84
What is the value of -18 + (5 - -5) - (22 + (-2 - (-1 + 4)))?
-25
(-13 + 24 + 5 - 16) + (-34 - 1)
-35
What is 0 + -15 - (106 + -28 - 93)?
0
What is the value of -1 - (-6 + (-4 - -13)) - 6?
-10
What is 8848 - 8907 - (0 + -95)?
36
What is -157 + 159 - (-26 + 0) - -4?
32
Evaluate -12 - (8 - (57 - 168)).
-131
Evaluate 9 - (-1 - -1) - ((115 - 188) + 83).
-1
3 + -28 + 2 + (-13 - -22)
-14
-3 + 8 + 2 + -3 + (-174 - (-172 - -66))
-64
What is the value of -4 + (3 - 7) + (-23 - -16) + 21?
6
-26 + 18 + (-2 - 18 - -14)
-14
What is 3 - (22 + -7 + -16) - 11?
-7
Evaluate (-106 - -11) + 3 - 9 - (-21 - (-14 + 4)).
-90
Evaluate 3 + 10 - (13 - (-10 + 19 + -7 + 8)).
10
-227 - -226 - (-9 - (6 + 5 + -10))
9
What is the value of 43 + -37 - (1 + 1) - (-78 + 5 - -4)?
73
Evaluate (-12 - (11 + -15)) + 73 - (16 + -4).
53
(-18 - -55) + -59 - (-41 - -5)
14
-38 + 30 + (-27 - -21) + 16
2
6 - ((-4 - 6 - -23) + 14 + -1)
-20
Evaluate (-156 - -147) + 17 + -1 + (19 - 27).
-1
Calculate -7 + 25 + 24 - (-3 - (15 + -3)).
57
21 + (17 - 11 - 39) + 1 + 1 + 67
57
Calculate -18 + (3 - (2 + -60)) + -24.
19
Evaluate 2 - 1 - (-4 - (3 - -3) - (-77 - -5)).
-61
Evaluate (16 - 60) + 34 - -35 - 26.
-1
What is the value of 12 + -7 - (7 + -10 + 6 + -11)?
13
Calculate 5 + -4 - (35 + (-27 - 35) + 35).
-7
Calculate (14 - 21) + -107 - (-14 + 16 - 10).
-106
What is the value of (-21 - (-34 + (-6 - -22))) + (58 - 2)?
53
Calculate 40 + (-101 - (-19 + -26)).
-16
Evaluate 14 + (-9 - ((-12 - 12) + -6 + 11)) + -14.
10
-14 + -57 + -40 + 90
-21
What is 2 + (-34 - -4) + (-63 - -43)?
-48
26 - (5 - (-54 + -2))
-35
What is (-2 - ((-12 - -18) + -36)) + 33 + 0 + 5?
66
What is the value of 225 - ((-9 - -120) + 15)?
99
What is 43 + (21 - (21 + -10)) + -31?
22
-7 - 0 - (-155 - (143 - 220))
71
Calculate -100 + 75 + 14 + -35.
-46
Evaluate 5 + -5 + (-1 - -1) + (44 - -14 - 58).
0
What is 12 - 2 - ((18 - -1) + 10 + 92 + -89)?
-22
Evaluate (0 - -3) + -9 + 8 - (15 - 28 - -12).
3
Calculate (-74 - 0) + (-28074 - -28036).
-112
Evaluate -25 - 12 - -78 - 18.
23
What is (-70 - (18 + -102)) + -36?
-22
Calculate 6 + -61 + (-13 + 2 - (-16 + 0) - 5).
-55
Evaluate 13 + (-7 - (25 + -8)) + -34 + 2.
-43
Calculate -10 + -86 - (1 + 1 + (-10 - 13) + 24).
-99
What is the value of (-96 - (11 - 95)) + 1 + -57?
-68
What is 1 + -1 + 8 + (35 - (-20 + 49))?
14
Calculate 1 + 44 + (20 + -32 - (11 + -31 + 11)).
42
What is -25 + 18 - (3 + -3) - (2 - 3 - -25)?
-31
0 + 10 + (-5 + 12 - 0) + 71 - 5
83
55 + -27 - (26 + -18 - 5)
25
What is -6 + ((-13 - (11 - 11)) + -5 - -6)?
-18
Calculate (19 - (-2 - -45)) + 59.
35
3 + (3 - (-50